{"id":12638,"date":"2025-01-17T09:39:40","date_gmt":"2025-01-17T09:39:40","guid":{"rendered":"https:\/\/storia-antiqua.hr\/?post_type=product&#038;p=12638"},"modified":"2025-01-17T09:39:40","modified_gmt":"2025-01-17T09:39:40","slug":"visebojna-njemacka-art-deco-lampa","status":"publish","type":"product","link":"https:\/\/storia-antiqua.hr\/en\/product\/visebojna-njemacka-art-deco-lampa\/","title":{"rendered":"Vi\u0161ebojna Njema\u010dka Art Deco Lampa"},"content":{"rendered":"<p>Prekrasna Art Deco lampa iz Njema\u010dke, s vi\u0161ebojnim staklenim \u0161irmom i bron\u010danim postoljem.<\/p>\n<p>Detalji:<\/p>\n<ul>\n<li>Razdoblje: Art Deco.<\/li>\n<li>\u0160irm: Vi\u0161ebojno staklo koje stvara posebnu atmosferu<\/li>\n<li>Postolje: Bron\u010dano.<\/li>\n<li>Dimenzije: Visina 42 cm<\/li>\n<li>Stanje: Lampa je ispravna i vrlo dobro o\u010duvana. Molimo pogledajte fotografije za detalje.<\/li>\n<\/ul>","protected":false},"excerpt":{"rendered":"<p>Prekrasna Art Deco lampa iz Njema\u010dke, s vi\u0161ebojnim staklenim \u0161irmom i bron\u010danim postoljem.<\/p>","protected":false},"featured_media":12643,"template":"","meta":[],"product_cat":[115],"product_tag":[310],"class_list":{"0":"post-12638","1":"product","2":"type-product","3":"status-publish","4":"has-post-thumbnail","6":"product_cat-ostalo","7":"product_tag-visebojna-njemacka-art-deco-lampa","8":"description-off","10":"first","11":"instock","12":"shipping-taxable","13":"purchasable","14":"product-type-simple"},"_links":{"self":[{"href":"https:\/\/storia-antiqua.hr\/en\/wp-json\/wp\/v2\/product\/12638","targetHints":{"allow":["GET"]}}],"collection":[{"href":"https:\/\/storia-antiqua.hr\/en\/wp-json\/wp\/v2\/product"}],"about":[{"href":"https:\/\/storia-antiqua.hr\/en\/wp-json\/wp\/v2\/types\/product"}],"version-history":[{"count":0,"href":"https:\/\/storia-antiqua.hr\/en\/wp-json\/wp\/v2\/product\/12638\/revisions"}],"wp:featuredmedia":[{"embeddable":true,"href":"https:\/\/storia-antiqua.hr\/en\/wp-json\/wp\/v2\/media\/12643"}],"wp:attachment":[{"href":"https:\/\/storia-antiqua.hr\/en\/wp-json\/wp\/v2\/media?parent=12638"}],"wp:term":[{"taxonomy":"product_cat","embeddable":true,"href":"https:\/\/storia-antiqua.hr\/en\/wp-json\/wp\/v2\/product_cat?post=12638"},{"taxonomy":"product_tag","embeddable":true,"href":"https:\/\/storia-antiqua.hr\/en\/wp-json\/wp\/v2\/product_tag?post=12638"}],"curies":[{"name":"wp","href":"https:\/\/api.w.org\/{rel}","templated":true}]}}

Višebojna Njemačka Art Deco Lampa

<p>Prekrasna Art Deco lampa iz Njemačke, s višebojnim staklenim širmom i brončanim postoljem.</p>
<p>Detalji:</p>
<ul>
<li>Razdoblje: Art Deco.</li>
<li>Širm: Višebojno staklo koje stvara posebnu atmosferu</li>
<li>Postolje: Brončano.</li>
<li>Dimenzije: Visina 42 cm</li>
<li>Stanje: Lampa je ispravna i vrlo dobro očuvana. Molimo pogledajte fotografije za detalje.</li>
</ul>

<p>Prekrasna Art Deco lampa iz Njemačke, s višebojnim staklenim širmom i brončanim postoljem.</p>
